{"id":44,"date":"2020-06-05T19:01:38","date_gmt":"2020-06-05T19:01:38","guid":{"rendered":"https:\/\/ludifex.de\/?page_id=44"},"modified":"2021-07-05T07:31:53","modified_gmt":"2021-07-05T07:31:53","slug":"home","status":"publish","type":"page","link":"https:\/\/ludifex.de\/","title":{"rendered":"Willkommen"},"content":{"rendered":"\n<p>Herzlich willkommen auf den Seiten von Ludifex &#8211; einer kleinen, unabh\u00e4ngigen Spieleschmiede im Herzen von Westfalen.<\/p>\n\n\n\n<p>In unserer Arbeit konzentrieren wir uns auf zwei Genre: Einsatzsimulationen f\u00fcr Rettungskr\u00e4fte und autogenerierte Welten f\u00fcr Adventures.<\/p>\n","protected":false},"excerpt":{"rendered":"<p>Herzlich willkommen auf den Seiten von Ludifex &#8211; einer kleinen, unabh\u00e4ngigen Spieleschmiede im Herzen von Westfalen. In unserer Arbeit konzentrieren wir uns auf zwei Genre: Einsatzsimulationen f\u00fcr Rettungskr\u00e4fte und autogenerierte Welten f\u00fcr Adventures.<\/p>\n","protected":false},"author":1,"featured_media":0,"parent":0,"menu_order":0,"comment_status":"closed","ping_status":"closed","template":"","meta":[],"_links":{"self":[{"href":"https:\/\/ludifex.de\/index.php?rest_route=\/wp\/v2\/pages\/44"}],"collection":[{"href":"https:\/\/ludifex.de\/index.php?rest_route=\/wp\/v2\/pages"}],"about":[{"href":"https:\/\/ludifex.de\/index.php?rest_route=\/wp\/v2\/types\/page"}],"author":[{"embeddable":true,"href":"https:\/\/ludifex.de\/index.php?rest_route=\/wp\/v2\/users\/1"}],"replies":[{"embeddable":true,"href":"https:\/\/ludifex.de\/index.php?rest_route=%2Fwp%2Fv2%2Fcomments&post=44"}],"version-history":[{"count":5,"href":"https:\/\/ludifex.de\/index.php?rest_route=\/wp\/v2\/pages\/44\/revisions"}],"predecessor-version":[{"id":87,"href":"https:\/\/ludifex.de\/index.php?rest_route=\/wp\/v2\/pages\/44\/revisions\/87"}],"wp:attachment":[{"href":"https:\/\/ludifex.de\/index.php?rest_route=%2Fwp%2Fv2%2Fmedia&parent=44"}],"curies":[{"name":"wp","href":"https:\/\/api.w.org\/{rel}","templated":true}]}}